{"id":619,"date":"2025-05-05T13:03:08","date_gmt":"2025-05-05T11:03:08","guid":{"rendered":"https:\/\/b-bmedia.cz\/zrealizuj-2\/?post_type=product&#038;p=619"},"modified":"2025-05-05T13:03:24","modified_gmt":"2025-05-05T11:03:24","slug":"nizkoprofilove-nadrze-planus-4-10m%c2%b3","status":"publish","type":"product","link":"https:\/\/b-bmedia.cz\/zrealizuj-2\/produkt\/nizkoprofilove-nadrze-planus-4-10m%c2%b3\/","title":{"rendered":"N\u00edzkoprofilov\u00e9 n\u00e1dr\u017ee Planus 4-10m\u00b3"},"content":{"rendered":"<p><strong>Materi\u00e1l a odolnost<\/strong><\/p>\n<p>Nov\u00fd Planus je samonosn\u00e1 n\u00e1dr\u017e Kolomaki z kvalitn\u00edho materi\u00e1lu TEPP, kter\u00fd je velmi odoln\u00fd a z\u00e1rove\u0148 pat\u0159\u00ed mezi nejtvrd\u0161\u00ed plasty.<\/p>\n<p>N\u00e1dr\u017e je vertik\u00e1ln\u011b zpevn\u011bna HT potrub\u00edm pr\u016fm\u011bru 110 mm a \u0161\u00ed\u0159ky st\u011bny 3,4 mm a po boc\u00edch vyztu\u017eena \u017eebry. Tlou\u0161\u0165ka vrchn\u00ed desky je 15 mm, tud\u00ed\u017e nem\u016f\u017ee doj\u00edt k po\u0161kozen\u00ed n\u00e1dr\u017ee t\u00edhou zeminy nad n\u00ed.<\/p>\n<p>V p\u0159\u00edpad\u011b pot\u0159eby instalace do v\u011bt\u0161\u00ed hloubky m\u00e1 n\u00e1dr\u017e po boc\u00edch p\u0159ipraven\u00e9 otvory na roxory, kter\u00e9 se pou\u017e\u00edvaj\u00ed p\u0159i obetonov\u00e1n\u00ed n\u00e1dr\u017ee ze stran, aby na n\u00e1dr\u017e nep\u016fsobil bo\u010dn\u00ed tlak zeminy.<\/p>\n<p>Vzhledem k velk\u00e9mu v\u00fdb\u011bru rozm\u011br\u016f, n\u00e1dr\u017e je vhodn\u00e1 pro ka\u017edou zahradu a rodinu. A d\u00edky n\u00edzk\u00e9mu profilu n\u00e1dr\u017e nevy\u017eaduje hlubok\u00fd v\u00fdkop co\u017e zrychluje, zlev\u0148uje a zleh\u010duje instalaci.<\/p>\n<p><strong>Vybavenost<\/strong><\/p>\n<p>V p\u0159\u00edpad\u011b servisu je do n\u00e1dr\u017ee snadn\u00fd p\u0159\u00edstup p\u0159es nastaviteln\u00e9 hrdlo, kter\u00e9 se d\u00e1 nastavit dle v\u00fd\u0161ky ter\u00e9nu, p\u0159\u00edpadn\u011b prodlou\u017eit pomoc\u00ed n\u00e1stavce. V hrdle se z\u00e1rove\u0148 nach\u00e1z\u00ed v\u0161echny pot\u0159ebn\u00e9 \u00fachyty pro lanka, hadice a kabely.<\/p>\n<p>O pot\u0159ebn\u00e9 zabezpe\u010den\u00ed se star\u00e1 uzamykateln\u00fd kompozitn\u00ed poklop, kter\u00fd je v\u017edy z\u00e1rove\u0148 s ter\u00e9nem a je zahrnut v cen\u011b.<\/p>\n<p>N\u00e1dr\u017e je vybavena \u00fachyty, kter\u00e9 slou\u017e\u00ed pro snadnou manipulaci p\u0159i nakl\u00e1d\u00e1n\u00ed, skl\u00e1d\u00e1n\u00ed, a usazov\u00e1n\u00ed n\u00e1dr\u017ee.<\/p>\n<p>&nbsp;<\/p>\n<p><strong>Parametry:<\/strong><\/p>\n<table width=\"416\">\n<thead>\n<tr>\n<th><strong>Planus<\/strong><\/th>\n<th><strong>Objem (l)<\/strong><\/th>\n<th><strong>Plocha tr\u00e1vn\u00edku (m2)<\/strong><\/th>\n<th><strong>Hmotnost (kg)<\/strong><\/th>\n<th><strong>Hloubka vstupu (mm)<\/strong><\/th>\n<th><strong>Rozm\u011bry (D\u0160V,cm)<\/strong><\/th>\n<\/tr>\n<\/thead>\n<tbody>\n<tr>\n<td><strong>4m\u00b3<\/strong><\/td>\n<td><strong>3860<\/strong><\/td>\n<td><strong>200<\/strong><\/td>\n<td><strong>160<\/strong><\/td>\n<td><strong>500<\/strong><\/td>\n<td><strong>217x217x102<\/strong><\/td>\n<\/tr>\n<tr>\n<td><strong>6m\u00b3<\/strong><\/td>\n<td><strong>5860<\/strong><\/td>\n<td><strong>400<\/strong><\/td>\n<td><strong>134<\/strong><\/td>\n<td><strong>500<\/strong><\/td>\n<td><strong>417x217x77<\/strong><\/td>\n<\/tr>\n<tr>\n<td><strong>8m\u00b3<\/strong><\/td>\n<td><strong>7760<\/strong><\/td>\n<td><strong>600<\/strong><\/td>\n<td><strong>240<\/strong><\/td>\n<td><strong>500<\/strong><\/td>\n<td><strong>417x217x102<\/strong><\/td>\n<\/tr>\n<tr>\n<td><strong>10m\u00b3<\/strong><\/td>\n<td><strong>9700<\/strong><\/td>\n<td><strong>800<\/strong><\/td>\n<td><strong>260<\/strong><\/td>\n<td><strong>500<\/strong><\/td>\n<td><strong>417x217x127<\/strong><\/td>\n<\/tr>\n<\/tbody>\n<\/table>\n<p>&nbsp;<\/p>\n<p>&#8211;<\/p>\n<p>&nbsp;<\/p>\n<p>Integrovan\u00fd \u017eeb\u0159\u00edk &#8211; Ne<\/p>\n<p>Poklop Kompozit vnit\u0159n\u00ed, bezpe\u010dnostn\u00ed poklop &#8211; Ano<\/p>\n<p>Otvor s t\u011bsn\u011bn\u00edm na elektrick\u00e9 kabely &#8211; Ano<\/p>\n<p>Otvor s t\u011bsn\u011bn\u00edm na tlakov\u00e9 potrub\u00ed &#8211; Ano<\/p>\n","protected":false},"excerpt":{"rendered":"<p>N\u00edzkoprofilov\u00e1, samonosn\u00e1 n\u00e1dr\u017e pro sb\u011br de\u0161\u0165ov\u00e9 vody z polypropylenu. S velk\u00fdm v\u00fdb\u011brem objem\u016f. Vyroben\u00e1 pro rychlou a lehkou instalaci.<\/p>\n","protected":false},"featured_media":649,"comment_status":"open","ping_status":"closed","template":"","meta":[],"product_cat":[18],"product_tag":[],"class_list":["post-619","product","type-product","status-publish","has-post-thumbnail","hentry","product_cat-nadrze-na-destovou-vodu"],"_links":{"self":[{"href":"https:\/\/b-bmedia.cz\/zrealizuj-2\/wp-json\/wp\/v2\/product\/619","targetHints":{"allow":["GET"]}}],"collection":[{"href":"https:\/\/b-bmedia.cz\/zrealizuj-2\/wp-json\/wp\/v2\/product"}],"about":[{"href":"https:\/\/b-bmedia.cz\/zrealizuj-2\/wp-json\/wp\/v2\/types\/product"}],"replies":[{"embeddable":true,"href":"https:\/\/b-bmedia.cz\/zrealizuj-2\/wp-json\/wp\/v2\/comments?post=619"}],"wp:featuredmedia":[{"embeddable":true,"href":"https:\/\/b-bmedia.cz\/zrealizuj-2\/wp-json\/wp\/v2\/media\/649"}],"wp:attachment":[{"href":"https:\/\/b-bmedia.cz\/zrealizuj-2\/wp-json\/wp\/v2\/media?parent=619"}],"wp:term":[{"taxonomy":"product_cat","embeddable":true,"href":"https:\/\/b-bmedia.cz\/zrealizuj-2\/wp-json\/wp\/v2\/product_cat?post=619"},{"taxonomy":"product_tag","embeddable":true,"href":"https:\/\/b-bmedia.cz\/zrealizuj-2\/wp-json\/wp\/v2\/product_tag?post=619"}],"curies":[{"name":"wp","href":"https:\/\/api.w.org\/{rel}","templated":true}]}}