{"id":642,"date":"2025-05-05T13:03:10","date_gmt":"2025-05-05T11:03:10","guid":{"rendered":"https:\/\/b-bmedia.cz\/zrealizuj-2\/?post_type=product&#038;p=642"},"modified":"2025-05-05T13:03:39","modified_gmt":"2025-05-05T11:03:39","slug":"dvouplastove-nadrze-cesky-standard-2-15m%c2%b3","status":"publish","type":"product","link":"https:\/\/b-bmedia.cz\/zrealizuj-2\/produkt\/dvouplastove-nadrze-cesky-standard-2-15m%c2%b3\/","title":{"rendered":"Dvoupl\u00e1\u0161\u0165ov\u00e9 n\u00e1dr\u017ee \u010cesk\u00fd Standard 2-15m\u00b3"},"content":{"rendered":"<p>Speci\u00e1ln\u011b vyvinut\u00e9 t\u011blo s dv\u011bma pl\u00e1\u0161ti pro vybetonov\u00e1n\u00ed. Pl\u00e1\u0161t\u011b jsou k sob\u011b p\u0159iva\u0159eny v\u00fdztuhami, aby z\u016fst\u00e1val rovnom\u011brn\u00fd prostor ur\u010den\u00fd pro beton. Pl\u00e1\u0161t\u011b jsou na dn\u011b spojen\u00e9 a testovan\u00e9 pro 100% vodot\u011bsnost. D\u00edky tomu z\u016fst\u00e1v\u00e1 beton jen tam kde m\u00e1.<\/p>\n<p>Speci\u00e1ln\u00ed dvoupl\u00e1\u0161\u0165ov\u00e9 t\u011blo n\u00e1dr\u017ee z ekopolymeru, sva\u0159ovan\u00e9 na automatick\u00fdch sv\u00e1\u0159ec\u00edch stroj\u00edch zaji\u0161\u0165uje nejen 100% vodot\u011bsnost, ale tak\u00e9 je velice pevn\u00e9 a stabiln\u00ed oproti jednopl\u00e1\u0161\u0165ov\u00fdm n\u00e1dr\u017e\u00edm. Jedn\u00e1 se o dva v\u00e1lce k sob\u011b spojen\u00e9 pro vybetonov\u00e1n\u00ed. Vybetonov\u00e1n\u00edm mezi pl\u00e1\u0161ti se vytvo\u0159\u00ed obrovsky pevn\u00fd skelet.<\/p>\n<p>Strop n\u00e1dr\u017ee je vybaven v\u00fdztuhami s otvory pro beton\u00e1\u0159skou ocel. K vnit\u0159n\u00edmu v\u00e1lci je pro 100% vodot\u011bsnost p\u0159iva\u0159en extrudery\u2026&#8230;. Nepou\u017e\u00edv\u00e1me pro va\u0159en\u00ed hork\u00fd vzduch.<\/p>\n<p>Dno n\u00e1dr\u017ee je naopak od stropu p\u0159iva\u0159eno k ob\u011bma v\u00e1lc\u016fm. Nejen pro zv\u00fd\u0161en\u00ed pevnosti, ale tak\u00e9 pro udr\u017een\u00ed betonu mezi pl\u00e1\u0161ti, aby nedo\u0161lo k vniknut\u00ed spodn\u00edch vod. Na dn\u011b jsou ji\u017e z v\u00fdroby p\u0159ipraveny v\u0161echny prvky pro dal\u0161\u00ed instalace nutn\u00fdch v\u00fdztuh.<\/p>\n<p>V\u00fdztuhy jsou u t\u00e9to n\u00e1dr\u017ee instalov\u00e1ny do t\u011bla v\u00e1lce mezi dno a strop. Jedn\u00e1 se o HT potrub\u00ed, kter\u00e9 p\u0159i instalaci vybetonujete a zajist\u00edte statiku stropu. P\u0159esn\u011b vypo\u010d\u00edtan\u00e9 a nava\u0159en\u00e9 v\u00fdztuhy mezi v\u00e1lci v\u00e1m zaji\u0161\u0165uj\u00ed st\u00e1le stejn\u00fd rozm\u011br mezi pl\u00e1\u0161ti a v\u00fdrazn\u011b zlep\u0161uj\u00ed pevnost cel\u00e9 n\u00e1dr\u017ee. V\u00fdztuhy jsou ji\u017e z v\u00fdroby vybaveny beton\u00e1\u0159skou ocel\u00ed pro snadn\u00e9 vytvo\u0159en\u00ed \u017eelezobetonov\u00e9 st\u011bny.<\/p>\n<p>Revizn\u00ed \u0161achta pro pohodln\u00fd vstup do n\u00e1dr\u017ee o pr\u016fm\u011bru 600mm je vyrobena tak\u00e9 z ekopolymeru a jsou k n\u00ed p\u0159iva\u0159en\u00e9 pevn\u00e9 v\u00fdztuhy zaji\u0161\u0165uj\u00edc\u00ed jej\u00ed st\u00e1l\u00fd tvar.<\/p>\n<p>Poklop dod\u00e1van\u00fd s n\u00e1dr\u017e\u00ed je vyroben\u00fd ze dvou \u010d\u00e1st\u00ed. Prstenec, kter\u00fd se instaluje okolo \u0161achty, aby nep\u0159ek\u00e1\u017eel nad ter\u00e9nem a p\u0159esn\u011b zapadaj\u00edc\u00ed poklop, kter\u00fd je pochoz\u00ed a dv\u011bma \u0161rouby uzamykateln\u00fd. Je vyroben z velice pevn\u00e9ho kompozitn\u00edho materi\u00e1lu.<\/p>\n<p>&nbsp;<\/p>\n<p><strong>Standardn\u00ed v\u00fdbava n\u00e1dr\u017ee:<\/strong><br \/>\nUnik\u00e1tn\u00ed kompozitn\u00ed\u00a0bezpe\u010dnostn\u00ed poklop<br \/>\nV\u00fdztuhy vnit\u0159n\u00ed, vn\u011bj\u0161\u00ed, roxory mezi pl\u00e1\u0161ti<br \/>\nMont\u00e1\u017en\u00ed \u00fachyty<br \/>\nIntegrovan\u00e1 pr\u016fchodka pro vstup vody DN100<br \/>\nIntegrovan\u00e1 pr\u016fchodka pro bezpe\u010dnostn\u00ed p\u0159epad DN100<\/p>\n<p>&nbsp;<\/p>\n<p><strong>Parametry:<\/strong><\/p>\n<p>&nbsp;<\/p>\n<table>\n<thead>\n<tr>\n<th><strong>m\u00b3<\/strong><\/th>\n<th><strong>Objem (l)<\/strong><\/th>\n<th><strong>Rozm\u011bry vnit\u0159n\u00ed DxV (cm)<\/strong><\/th>\n<th><strong>V\u00e1ha (kg)<\/strong><\/th>\n<\/tr>\n<\/thead>\n<tbody>\n<tr>\n<th><strong>2<\/strong><\/th>\n<th><strong>2000<\/strong><\/th>\n<th><strong>178 x 100<\/strong><\/th>\n<th><strong>108<\/strong><\/th>\n<\/tr>\n<tr>\n<th><strong>3<\/strong><\/th>\n<th><strong>3000<\/strong><\/th>\n<th><strong>178 x 133<\/strong><\/th>\n<th><strong>123<\/strong><\/th>\n<\/tr>\n<tr>\n<th><strong>4<\/strong><\/th>\n<th><strong>4000<\/strong><\/th>\n<th><strong>178 x 175<\/strong><\/th>\n<th><strong>150<\/strong><\/th>\n<\/tr>\n<tr>\n<th><strong>5<\/strong><\/th>\n<th><strong>5000<\/strong><\/th>\n<th><strong>178 x 199<\/strong><\/th>\n<th><strong>166<\/strong><\/th>\n<\/tr>\n<tr>\n<th><strong>6<\/strong><\/th>\n<th><strong>6000<\/strong><\/th>\n<th><strong>228 x 150<\/strong><\/th>\n<th><strong>180<\/strong><\/th>\n<\/tr>\n<tr>\n<th><strong>7<\/strong><\/th>\n<th><strong>7000<\/strong><\/th>\n<th><strong>228 x 175<\/strong><\/th>\n<th><strong>200<\/strong><\/th>\n<\/tr>\n<tr>\n<th><strong>8<\/strong><\/th>\n<th><strong>8000<\/strong><\/th>\n<th><strong>228 x 199<\/strong><\/th>\n<th><strong>230<\/strong><\/th>\n<\/tr>\n<tr>\n<th><strong>9<\/strong><\/th>\n<th><strong>9000<\/strong><\/th>\n<th><strong>275 x 150<\/strong><\/th>\n<th><strong>240<\/strong><\/th>\n<\/tr>\n<tr>\n<th><strong>10<\/strong><\/th>\n<th><strong>10000<\/strong><\/th>\n<th><strong>275 x 175<\/strong><\/th>\n<th><strong>250<\/strong><\/th>\n<\/tr>\n<tr>\n<th><strong>12<\/strong><\/th>\n<th><strong>12000<\/strong><\/th>\n<th><strong>275 x 199<\/strong><\/th>\n<th><strong>270<\/strong><\/th>\n<\/tr>\n<tr>\n<th><strong>15<\/strong><\/th>\n<th><strong>15000<\/strong><\/th>\n<th><strong>310 x 200<\/strong><\/th>\n<th><strong>340<\/strong><\/th>\n<\/tr>\n<\/tbody>\n<\/table>\n","protected":false},"excerpt":{"rendered":"<p>Speci\u00e1ln\u00ed dvoupl\u00e1\u0161\u0165ov\u00e1 n\u00e1dr\u017e pro de\u0161\u0165ovou vodu do m\u00edst s j\u00edlovit\u00fdm podlo\u017e\u00edm, nebo do m\u00edst s spodn\u00ed vodou.<\/p>\n","protected":false},"featured_media":667,"comment_status":"open","ping_status":"closed","template":"","meta":[],"product_cat":[18],"product_tag":[],"class_list":["post-642","product","type-product","status-publish","has-post-thumbnail","hentry","product_cat-nadrze-na-destovou-vodu"],"_links":{"self":[{"href":"https:\/\/b-bmedia.cz\/zrealizuj-2\/wp-json\/wp\/v2\/product\/642","targetHints":{"allow":["GET"]}}],"collection":[{"href":"https:\/\/b-bmedia.cz\/zrealizuj-2\/wp-json\/wp\/v2\/product"}],"about":[{"href":"https:\/\/b-bmedia.cz\/zrealizuj-2\/wp-json\/wp\/v2\/types\/product"}],"replies":[{"embeddable":true,"href":"https:\/\/b-bmedia.cz\/zrealizuj-2\/wp-json\/wp\/v2\/comments?post=642"}],"wp:featuredmedia":[{"embeddable":true,"href":"https:\/\/b-bmedia.cz\/zrealizuj-2\/wp-json\/wp\/v2\/media\/667"}],"wp:attachment":[{"href":"https:\/\/b-bmedia.cz\/zrealizuj-2\/wp-json\/wp\/v2\/media?parent=642"}],"wp:term":[{"taxonomy":"product_cat","embeddable":true,"href":"https:\/\/b-bmedia.cz\/zrealizuj-2\/wp-json\/wp\/v2\/product_cat?post=642"},{"taxonomy":"product_tag","embeddable":true,"href":"https:\/\/b-bmedia.cz\/zrealizuj-2\/wp-json\/wp\/v2\/product_tag?post=642"}],"curies":[{"name":"wp","href":"https:\/\/api.w.org\/{rel}","templated":true}]}}