{"id":805,"date":"2025-05-05T13:04:07","date_gmt":"2025-05-05T11:04:07","guid":{"rendered":"https:\/\/b-bmedia.cz\/zrealizuj-2\/?post_type=product&#038;p=805"},"modified":"2025-05-05T13:04:19","modified_gmt":"2025-05-05T11:04:19","slug":"velka-sachta-k-obetonovani","status":"publish","type":"product","link":"https:\/\/b-bmedia.cz\/zrealizuj-2\/produkt\/velka-sachta-k-obetonovani\/","title":{"rendered":"Velk\u00e1 \u0161achta k obetonov\u00e1n\u00ed"},"content":{"rendered":"<p>\u0160achta o pr\u016fm\u011bru 1400mm spl\u0148uje nejp\u0159\u00edsn\u011bj\u0161\u00ed krit\u00e9ria vodohospod\u00e1\u0159sk\u00fdch spole\u010dnost\u00ed.<\/p>\n","protected":false},"excerpt":{"rendered":"<p>Vodovodn\u00ed a kanaliza\u010dn\u00ed \u0161achta. Pr\u016fm\u011br \u0161achty 140cm, v\u00fd\u0161ka 150, kom\u00ednek 20cm<\/p>\n","protected":false},"featured_media":827,"comment_status":"open","ping_status":"closed","template":"","meta":[],"product_cat":[20],"product_tag":[],"class_list":["post-805","product","type-product","status-publish","has-post-thumbnail","hentry","product_cat-sachty"],"_links":{"self":[{"href":"https:\/\/b-bmedia.cz\/zrealizuj-2\/wp-json\/wp\/v2\/product\/805","targetHints":{"allow":["GET"]}}],"collection":[{"href":"https:\/\/b-bmedia.cz\/zrealizuj-2\/wp-json\/wp\/v2\/product"}],"about":[{"href":"https:\/\/b-bmedia.cz\/zrealizuj-2\/wp-json\/wp\/v2\/types\/product"}],"replies":[{"embeddable":true,"href":"https:\/\/b-bmedia.cz\/zrealizuj-2\/wp-json\/wp\/v2\/comments?post=805"}],"wp:featuredmedia":[{"embeddable":true,"href":"https:\/\/b-bmedia.cz\/zrealizuj-2\/wp-json\/wp\/v2\/media\/827"}],"wp:attachment":[{"href":"https:\/\/b-bmedia.cz\/zrealizuj-2\/wp-json\/wp\/v2\/media?parent=805"}],"wp:term":[{"taxonomy":"product_cat","embeddable":true,"href":"https:\/\/b-bmedia.cz\/zrealizuj-2\/wp-json\/wp\/v2\/product_cat?post=805"},{"taxonomy":"product_tag","embeddable":true,"href":"https:\/\/b-bmedia.cz\/zrealizuj-2\/wp-json\/wp\/v2\/product_tag?post=805"}],"curies":[{"name":"wp","href":"https:\/\/api.w.org\/{rel}","templated":true}]}}